{"id":101,"date":"2019-08-16T20:46:38","date_gmt":"2019-08-16T18:46:38","guid":{"rendered":"https:\/\/ramoths.org:907\/wordpress\/?page_id=101"},"modified":"2019-08-19T17:33:33","modified_gmt":"2019-08-19T16:33:33","slug":"logistique-hospitaliere","status":"publish","type":"page","link":"https:\/\/mbenabdouallah.com\/index.php\/logistique-hospitaliere\/","title":{"rendered":"Logistique hospitali\u00e8re"},"content":{"rendered":"\n<p class=\"txt-justify\">La gestion de la logistique pr\u00e9 hospitali\u00e8re des\nurgences a \u00e9t\u00e9 abord\u00e9e par plusieurs chercheurs. La mod\u00e9lisation et la\nsimulation du parc ambulancier ont \u00e9t\u00e9 les principales approches adopt\u00e9es.<\/p>\n\n\n\n<p class=\"txt-justify\">Deux probl\u00e8mes se manifestent au niveau de la gestion\ndes ambulances: le d\u00e9ploiement et le red\u00e9ploiement. Le probl\u00e8me de d\u00e9ploiement\nconsiste \u00e0 l\u2019affectation d\u2019une ambulance \u00e0 un appel d\u2019urgence selon la\ndisponibilit\u00e9 du v\u00e9hicule et le degr\u00e9 d\u2019urgence du cas en question. De son\nc\u00f4t\u00e9, le probl\u00e8me de red\u00e9ploiement consiste \u00e0 r\u00e9affecter une ambulance \u00e0 partir\nd\u2019une base d\u2019attente vers un secteur d\u2019intervention, dans le but d\u2019assurer une\ncouverture maximale d\u2019une zone bien d\u00e9termin\u00e9e.<\/p>\n\n\n\n<p class=\"txt-justify\">Le Maroc a entam\u00e9 une profonde restructuration de son syst\u00e8me de sant\u00e9. La mise \u00e0 niveau des h\u00f4pitaux et particuli\u00e8rement l\u2019am\u00e9lioration de l\u2019efficacit\u00e9 des activit\u00e9s des urgences font partie des champs prioritaires de la strat\u00e9gie sectorielle de sant\u00e9 au Maroc. Des efforts importants ont \u00e9t\u00e9 consentis pour la formation dans les m\u00e9tiers du transport ambulancier et l\u2019acquisition des ambulances.<\/p>\n\n\n\n<div class=\"wp-block-image\"><figure class=\"alignleft\"><img loading=\"lazy\" decoding=\"async\" width=\"990\" height=\"525\" src=\"https:\/\/mbenabdouallah.com\/wp-content\/uploads\/2019\/08\/image-12.png\" alt=\"\" class=\"wp-image-263\" srcset=\"https:\/\/mbenabdouallah.com\/wp-content\/uploads\/2019\/08\/image-12.png 990w, https:\/\/mbenabdouallah.com\/wp-content\/uploads\/2019\/08\/image-12-300x159.png 300w, https:\/\/mbenabdouallah.com\/wp-content\/uploads\/2019\/08\/image-12-768x407.png 768w\" sizes=\"auto, (max-width: 990px) 100vw, 990px\" \/><\/figure><\/div>\n\n\n\n<p><\/p>\n","protected":false},"excerpt":{"rendered":"<p>La gestion de la logistique pr\u00e9 hospitali\u00e8re des urgences a \u00e9t\u00e9 abord\u00e9e par plusieurs chercheurs. La mod\u00e9lisation et la simulation<\/p>\n","protected":false},"author":1,"featured_media":0,"parent":0,"menu_order":0,"comment_status":"closed","ping_status":"closed","template":"","meta":{"colormag_page_container_layout":"default_layout","colormag_page_sidebar_layout":"default_layout","footnotes":""},"class_list":["post-101","page","type-page","status-publish","hentry"],"_links":{"self":[{"href":"https:\/\/mbenabdouallah.com\/index.php\/wp-json\/wp\/v2\/pages\/101","targetHints":{"allow":["GET"]}}],"collection":[{"href":"https:\/\/mbenabdouallah.com\/index.php\/wp-json\/wp\/v2\/pages"}],"about":[{"href":"https:\/\/mbenabdouallah.com\/index.php\/wp-json\/wp\/v2\/types\/page"}],"author":[{"embeddable":true,"href":"https:\/\/mbenabdouallah.com\/index.php\/wp-json\/wp\/v2\/users\/1"}],"replies":[{"embeddable":true,"href":"https:\/\/mbenabdouallah.com\/index.php\/wp-json\/wp\/v2\/comments?post=101"}],"version-history":[{"count":12,"href":"https:\/\/mbenabdouallah.com\/index.php\/wp-json\/wp\/v2\/pages\/101\/revisions"}],"predecessor-version":[{"id":543,"href":"https:\/\/mbenabdouallah.com\/index.php\/wp-json\/wp\/v2\/pages\/101\/revisions\/543"}],"wp:attachment":[{"href":"https:\/\/mbenabdouallah.com\/index.php\/wp-json\/wp\/v2\/media?parent=101"}],"curies":[{"name":"wp","href":"https:\/\/api.w.org\/{rel}","templated":true}]}}