{"id":178,"date":"2019-08-17T12:15:17","date_gmt":"2019-08-17T10:15:17","guid":{"rendered":"https:\/\/ramoths.org:907\/wordpress\/?page_id=178"},"modified":"2019-08-19T17:20:58","modified_gmt":"2019-08-19T16:20:58","slug":"performance-logistique","status":"publish","type":"page","link":"https:\/\/mbenabdouallah.com\/index.php\/performance-logistique\/","title":{"rendered":"Performance logistique"},"content":{"rendered":"\n<h4 class=\"wp-block-heading\">D\u00e9finitions cl\u00e9s:<\/h4>\n\n\n\n<ul class=\"txt-justify wp-block-list\"><li> L&rsquo;<strong>efficacit\u00e9<\/strong>&nbsp;renvoie \u00e0 un objectif donn\u00e9 et indique si l&rsquo;objectif a \u00e9t\u00e9 atteint. <\/li><li>L&rsquo;<strong>efficience<\/strong>&nbsp;d\u00e9signe l&rsquo;obtention d&rsquo;un extrant donn\u00e9 \u00e0 partir d&rsquo;un minimum d&rsquo;intrants.<\/li><li>Le&nbsp;<strong>rendement<\/strong>&nbsp;se r\u00e9f\u00e8re \u00e0 l&rsquo;efficience financi\u00e8re.<\/li><li>La&nbsp;<strong>productivit\u00e9<\/strong>&nbsp;se r\u00e9f\u00e8re au degr\u00e9 d&rsquo;efficience de la main-d&rsquo;\u0153uvre.<\/li><li>L&rsquo;<strong>\u00e9conomie<\/strong>&nbsp;d\u00e9signe l&rsquo;acquisition de ressources selon les crit\u00e8res suivants: co\u00fbt moindre, quantit\u00e9 et qualit\u00e9 conformes aux normes \u00e9tablies, moment et lieu opportuns.<\/li><li>Un indicateur cl\u00e9 de performance, ou <strong>KPI<\/strong> (Key Performance Indicator), est un \u00e9l\u00e9ment de mesure m\u00e9tier utilis\u00e9 pour \u00e9valuer diff\u00e9rents facteurs essentiels \u00e0 la r\u00e9ussite d&rsquo;une entreprise ou d&rsquo;un projet.<\/li><\/ul>\n\n\n\n<h4 class=\"wp-block-heading\">Diff\u00e9rents niveaux de la performance:<\/h4>\n\n\n\n<p>La performance est aussi li\u00e9e au niveau\nd\u00e9cisionnel auquel elle correspond:<\/p>\n\n\n\n<p>\u2013<strong> Strat\u00e9gique:<\/strong> V\u00e9rification de la finalit\u00e9.<\/p>\n\n\n\n<p class=\"txt-justify\">\u2013 <strong>Tactique:<\/strong> D\u00e9terminer comment ces objectifs strat\u00e9giques peuvent \u00eatre atteints en d\u00e9finissant des objectifs tactiques. <\/p>\n\n\n\n<p class=\"txt-justify\">\u2013 <strong>Op\u00e9rationnel:<\/strong> D\u00e9finir les objectifs de productivit\u00e9, de qualit\u00e9 et de service \u00e0 atteindre au niveau de chacun des composants \u00e9l\u00e9mentaires du syst\u00e8me. <\/p>\n\n\n\n<p class=\"txt-justify\">La performance logistique consiste \u00e9galement \u00e0 r\u00e9duire les surco\u00fbts li\u00e9s \u00e0 la gestion des entreprises:<\/p>\n\n\n\n<div class=\"wp-block-image\"><figure class=\"aligncenter is-resized\"><img loading=\"lazy\" decoding=\"async\" src=\"https:\/\/ramoths.org:907\/wordpress\/wp-content\/uploads\/2019\/08\/image-4.png\" alt=\"\" class=\"wp-image-180\" width=\"337\" height=\"206\" srcset=\"https:\/\/mbenabdouallah.com\/wp-content\/uploads\/2019\/08\/image-4.png 649w, https:\/\/mbenabdouallah.com\/wp-content\/uploads\/2019\/08\/image-4-300x183.png 300w\" sizes=\"auto, (max-width: 337px) 100vw, 337px\" \/><\/figure><\/div>\n\n\n\n<h4 class=\"wp-block-heading\">La performance par maillon:<\/h4>\n\n\n\n<ul class=\"wp-block-list\"><li><strong>Maillon amont:<\/strong><\/li><\/ul>\n\n\n\n<div class=\"wp-block-image\"><figure class=\"aligncenter is-resized\"><img loading=\"lazy\" decoding=\"async\" src=\"https:\/\/ramoths.org:907\/wordpress\/wp-content\/uploads\/2019\/08\/image-6-1024x360.png\" alt=\"\" class=\"wp-image-183\" width=\"510\" height=\"178\" srcset=\"https:\/\/mbenabdouallah.com\/wp-content\/uploads\/2019\/08\/image-6-1024x360.png 1024w, https:\/\/mbenabdouallah.com\/wp-content\/uploads\/2019\/08\/image-6-300x105.png 300w, https:\/\/mbenabdouallah.com\/wp-content\/uploads\/2019\/08\/image-6-768x270.png 768w, https:\/\/mbenabdouallah.com\/wp-content\/uploads\/2019\/08\/image-6.png 1220w\" sizes=\"auto, (max-width: 510px) 100vw, 510px\" \/><\/figure><\/div>\n\n\n\n<ul class=\"wp-block-list\"><li><strong>Maillon interne:<\/strong><\/li><\/ul>\n\n\n\n<div class=\"wp-block-image\"><figure class=\"aligncenter is-resized\"><img loading=\"lazy\" decoding=\"async\" src=\"https:\/\/ramoths.org:907\/wordpress\/wp-content\/uploads\/2019\/08\/image-7-1024x373.png\" alt=\"\" class=\"wp-image-184\" width=\"531\" height=\"193\" srcset=\"https:\/\/mbenabdouallah.com\/wp-content\/uploads\/2019\/08\/image-7-1024x373.png 1024w, https:\/\/mbenabdouallah.com\/wp-content\/uploads\/2019\/08\/image-7-300x109.png 300w, https:\/\/mbenabdouallah.com\/wp-content\/uploads\/2019\/08\/image-7-768x280.png 768w, https:\/\/mbenabdouallah.com\/wp-content\/uploads\/2019\/08\/image-7.png 1163w\" sizes=\"auto, (max-width: 531px) 100vw, 531px\" \/><\/figure><\/div>\n\n\n\n<ul class=\"wp-block-list\"><li><strong>Maillon aval:<\/strong><\/li><\/ul>\n\n\n\n<div class=\"wp-block-image\"><figure class=\"aligncenter is-resized\"><img loading=\"lazy\" decoding=\"async\" src=\"https:\/\/ramoths.org:907\/wordpress\/wp-content\/uploads\/2019\/08\/image-9.png\" alt=\"\" class=\"wp-image-186\" width=\"475\" height=\"198\" srcset=\"https:\/\/mbenabdouallah.com\/wp-content\/uploads\/2019\/08\/image-9.png 915w, https:\/\/mbenabdouallah.com\/wp-content\/uploads\/2019\/08\/image-9-300x126.png 300w, https:\/\/mbenabdouallah.com\/wp-content\/uploads\/2019\/08\/image-9-768x321.png 768w\" sizes=\"auto, (max-width: 475px) 100vw, 475px\" \/><\/figure><\/div>\n\n\n\n<p>        <strong><em>Formules KPI:<\/em><\/strong><\/p>\n\n\n\n<ul class=\"txt-justify wp-block-list\"><li><strong>D\u00e9fauts de fabrication<\/strong>=nombre des pi\u00e8ces d\u00e9faillantes<\/li><li><strong>Densit\u00e9 des files d\u2019attente % <\/strong>= (Volume de production en cours\/production totale r\u00e9alis\u00e9e&nbsp;)\u2217100<\/li><li><strong>Dur\u00e9e moyenne du cycle de production<\/strong>= Somme des dur\u00e9es du cycle de production \/ nombre d\u2019ordres planifi\u00e9s <\/li><\/ul>\n\n\n<p><!--EndFragment--><\/p>","protected":false},"excerpt":{"rendered":"<p>D\u00e9finitions cl\u00e9s: L&rsquo;efficacit\u00e9&nbsp;renvoie \u00e0 un objectif donn\u00e9 et indique si l&rsquo;objectif a \u00e9t\u00e9 atteint. L&rsquo;efficience&nbsp;d\u00e9signe l&rsquo;obtention d&rsquo;un extrant donn\u00e9 \u00e0<\/p>\n","protected":false},"author":1,"featured_media":0,"parent":0,"menu_order":0,"comment_status":"closed","ping_status":"closed","template":"","meta":{"colormag_page_container_layout":"default_layout","colormag_page_sidebar_layout":"default_layout","footnotes":""},"class_list":["post-178","page","type-page","status-publish","hentry"],"_links":{"self":[{"href":"https:\/\/mbenabdouallah.com\/index.php\/wp-json\/wp\/v2\/pages\/178","targetHints":{"allow":["GET"]}}],"collection":[{"href":"https:\/\/mbenabdouallah.com\/index.php\/wp-json\/wp\/v2\/pages"}],"about":[{"href":"https:\/\/mbenabdouallah.com\/index.php\/wp-json\/wp\/v2\/types\/page"}],"author":[{"embeddable":true,"href":"https:\/\/mbenabdouallah.com\/index.php\/wp-json\/wp\/v2\/users\/1"}],"replies":[{"embeddable":true,"href":"https:\/\/mbenabdouallah.com\/index.php\/wp-json\/wp\/v2\/comments?post=178"}],"version-history":[{"count":10,"href":"https:\/\/mbenabdouallah.com\/index.php\/wp-json\/wp\/v2\/pages\/178\/revisions"}],"predecessor-version":[{"id":463,"href":"https:\/\/mbenabdouallah.com\/index.php\/wp-json\/wp\/v2\/pages\/178\/revisions\/463"}],"wp:attachment":[{"href":"https:\/\/mbenabdouallah.com\/index.php\/wp-json\/wp\/v2\/media?parent=178"}],"curies":[{"name":"wp","href":"https:\/\/api.w.org\/{rel}","templated":true}]}}