{"id":217,"date":"2019-08-17T12:43:33","date_gmt":"2019-08-17T10:43:33","guid":{"rendered":"https:\/\/ramoths.org:907\/wordpress\/?page_id=217"},"modified":"2019-08-19T17:17:54","modified_gmt":"2019-08-19T16:17:54","slug":"ponderation","status":"publish","type":"page","link":"https:\/\/mbenabdouallah.com\/index.php\/ponderation\/","title":{"rendered":"Pond\u00e9ration"},"content":{"rendered":"\n<h4 class=\"wp-block-heading\">Proc\u00e9dure d\u2019application :<\/h4>\n\n\n\n<ol class=\"txt-justify wp-block-list\"><li>D\u00e9terminer les facteurs pertinents <\/li><li>Attribuer une pond\u00e9ration (un poids) \u00e0 chaque facteur<\/li><li>D\u00e9finir une \u00e9chelle commune \u00e0 tous les facteurs<\/li><li>Pour chaque localisation coter les diff\u00e9rents facteurs <\/li><li>Multiplier la pond\u00e9ration du facteur par le r\u00e9sultat et effectuer la somme pond\u00e9r\u00e9e<\/li><li>Choisir l\u2019option qui correspond au meilleur r\u00e9sultat <\/li><\/ol>\n\n\n\n<h4 class=\"wp-block-heading\">Application: <\/h4>\n\n\n\n<p class=\"txt-justify\">Une franchise du pr\u00eat \u00e0 porter compte ouvrir un nouveau site, le tableau suivant contient des informations sur deux emplacements potentiels. Les options sont \u00e9valu\u00e9es sur une \u00e9chelle de 0 \u00e0 100. D&rsquo;apr\u00e8s l&rsquo;outil de pond\u00e9ration, on optera pour l&rsquo;option 2 ayant le meilleur scor.<\/p>\n\n\n\n<div class=\"wp-block-image\"><figure class=\"aligncenter\"><img loading=\"lazy\" decoding=\"async\" width=\"864\" height=\"318\" src=\"https:\/\/mbenabdouallah.com\/wp-content\/uploads\/2019\/08\/ponderation.png\" alt=\"\" class=\"wp-image-350\" srcset=\"https:\/\/mbenabdouallah.com\/wp-content\/uploads\/2019\/08\/ponderation.png 864w, https:\/\/mbenabdouallah.com\/wp-content\/uploads\/2019\/08\/ponderation-300x110.png 300w, https:\/\/mbenabdouallah.com\/wp-content\/uploads\/2019\/08\/ponderation-768x283.png 768w\" sizes=\"auto, (max-width: 864px) 100vw, 864px\" \/><\/figure><\/div>\n","protected":false},"excerpt":{"rendered":"<p>Proc\u00e9dure d\u2019application : D\u00e9terminer les facteurs pertinents Attribuer une pond\u00e9ration (un poids) \u00e0 chaque facteur D\u00e9finir une \u00e9chelle commune \u00e0<\/p>\n","protected":false},"author":1,"featured_media":0,"parent":0,"menu_order":0,"comment_status":"closed","ping_status":"closed","template":"","meta":{"colormag_page_container_layout":"default_layout","colormag_page_sidebar_layout":"default_layout","footnotes":""},"class_list":["post-217","page","type-page","status-publish","hentry"],"_links":{"self":[{"href":"https:\/\/mbenabdouallah.com\/index.php\/wp-json\/wp\/v2\/pages\/217","targetHints":{"allow":["GET"]}}],"collection":[{"href":"https:\/\/mbenabdouallah.com\/index.php\/wp-json\/wp\/v2\/pages"}],"about":[{"href":"https:\/\/mbenabdouallah.com\/index.php\/wp-json\/wp\/v2\/types\/page"}],"author":[{"embeddable":true,"href":"https:\/\/mbenabdouallah.com\/index.php\/wp-json\/wp\/v2\/users\/1"}],"replies":[{"embeddable":true,"href":"https:\/\/mbenabdouallah.com\/index.php\/wp-json\/wp\/v2\/comments?post=217"}],"version-history":[{"count":7,"href":"https:\/\/mbenabdouallah.com\/index.php\/wp-json\/wp\/v2\/pages\/217\/revisions"}],"predecessor-version":[{"id":530,"href":"https:\/\/mbenabdouallah.com\/index.php\/wp-json\/wp\/v2\/pages\/217\/revisions\/530"}],"wp:attachment":[{"href":"https:\/\/mbenabdouallah.com\/index.php\/wp-json\/wp\/v2\/media?parent=217"}],"curies":[{"name":"wp","href":"https:\/\/api.w.org\/{rel}","templated":true}]}}